{"id":14,"date":"2019-09-26T21:07:53","date_gmt":"2019-09-26T21:07:53","guid":{"rendered":"https:\/\/test.fr-entscheid.de\/?page_id=14"},"modified":"2019-10-27T23:15:27","modified_gmt":"2019-10-27T23:15:27","slug":"ueber-mich","status":"publish","type":"page","link":"https:\/\/test.fr-entscheid.de\/index.php\/ueber-mich\/","title":{"rendered":"\u00dcber uns"},"content":{"rendered":"<p data-canvas-width=\"173.06950044444446\">Wir sind ein Freiburger B\u00fcndnis mit immer breiter werdender Basis und verfolgen das Ziel, mit einen B\u00fcrgerentscheid einen entscheidenden Beitrag f\u00fcr die lokale Verkehrswende zu leisten. Uns verbindet der Wunsch nach einer gerechteren, nachhaltigeren, sichereren und lebenswerteren Stadt. Das wollen wir durch eine St\u00e4rkung des Fu\u00df- und Radverkehrs erreichen.<\/p>\n<p data-canvas-width=\"173.06950044444446\">Inspiriert von zahlreichen <a href=\"https:\/\/www.adfc.de\/artikel\/radentscheide-in-deutschland-1\/\">Initiativen f\u00fcr eine Verkehrswende<\/a> in deutschen St\u00e4dten treffen wir uns seit Juni 2019 regelm\u00e4\u00dfig in der Radstation in Freiburg. Denn wir wollen, dass auch die Menschen in Freiburg \u00fcber die lokale Verkehrswende abstimmen k\u00f6nnen.<\/p>\n<p>B\u00fcndnispartner des Fu\u00df- &amp; Radentscheids Freiburg sind:<\/p>\n<p><img loading=\"lazy\" class=\"size-medium wp-image-329 aligncenter\" src=\"https:\/\/test.fr-entscheid.de\/wp-content\/uploads\/2019\/10\/vcd-300x200.jpg\" alt=\"\" width=\"300\" height=\"200\" srcset=\"https:\/\/test.fr-entscheid.de\/wp-content\/uploads\/2019\/10\/vcd-300x200.jpg 300w, https:\/\/test.fr-entscheid.de\/wp-content\/uploads\/2019\/10\/vcd-230x153.jpg 230w, https:\/\/test.fr-entscheid.de\/wp-content\/uploads\/2019\/10\/vcd-350x233.jpg 350w, https:\/\/test.fr-entscheid.de\/wp-content\/uploads\/2019\/10\/vcd.jpg 368w\" sizes=\"(max-width: 300px) 100vw, 300px\" \/><\/p>\n<p><img loading=\"lazy\" class=\"size-medium wp-image-330 aligncenter\" src=\"https:\/\/test.fr-entscheid.de\/wp-content\/uploads\/2019\/10\/Fesa.jpeg\" alt=\"\" width=\"225\" height=\"225\" srcset=\"https:\/\/test.fr-entscheid.de\/wp-content\/uploads\/2019\/10\/Fesa.jpeg 225w, https:\/\/test.fr-entscheid.de\/wp-content\/uploads\/2019\/10\/Fesa-150x150.jpeg 150w\" sizes=\"(max-width: 225px) 100vw, 225px\" \/><\/p>\n<p><img loading=\"lazy\" class=\"size-medium wp-image-328 aligncenter\" src=\"https:\/\/test.fr-entscheid.de\/wp-content\/uploads\/2019\/10\/Greenpeace.jpg\" alt=\"\" width=\"200\" height=\"200\" srcset=\"https:\/\/test.fr-entscheid.de\/wp-content\/uploads\/2019\/10\/Greenpeace.jpg 200w, https:\/\/test.fr-entscheid.de\/wp-content\/uploads\/2019\/10\/Greenpeace-150x150.jpg 150w\" sizes=\"(max-width: 200px) 100vw, 200px\" \/><img loading=\"lazy\" class=\" wp-image-332 aligncenter\" src=\"https:\/\/test.fr-entscheid.de\/wp-content\/uploads\/2019\/10\/Zero_Emission_Heroes-300x277.jpg\" alt=\"\" width=\"219\" height=\"202\" srcset=\"https:\/\/test.fr-entscheid.de\/wp-content\/uploads\/2019\/10\/Zero_Emission_Heroes-300x277.jpg 300w, https:\/\/test.fr-entscheid.de\/wp-content\/uploads\/2019\/10\/Zero_Emission_Heroes-230x212.jpg 230w, https:\/\/test.fr-entscheid.de\/wp-content\/uploads\/2019\/10\/Zero_Emission_Heroes-350x323.jpg 350w, https:\/\/test.fr-entscheid.de\/wp-content\/uploads\/2019\/10\/Zero_Emission_Heroes-480x443.jpg 480w, https:\/\/test.fr-entscheid.de\/wp-content\/uploads\/2019\/10\/Zero_Emission_Heroes.jpg 640w\" sizes=\"(max-width: 219px) 100vw, 219px\" \/><\/p>\n<p>&nbsp;<\/p>\n<p>&nbsp;<\/p>\n<p>&nbsp;<\/p>\n<p>&nbsp;<\/p>\n<div data-canvas-width=\"375.89455066666676\"><\/div>\n<p>&nbsp;<\/p>\n","protected":false},"excerpt":{"rendered":"<p>Wir sind ein Freiburger B\u00fcndnis mit immer breiter werdender Basis und verfolgen das Ziel, mit einen B\u00fcrgerentscheid einen entscheidenden Beitrag f\u00fcr die lokale Verkehrswende zu leisten. Uns verbindet der Wunsch nach einer gerechteren, nachhaltigeren, sichereren und lebenswerteren Stadt. Das wollen wir durch eine St\u00e4rkung des Fu\u00df- und Radverkehrs erreichen. Inspiriert von zahlreichen Initiativen f\u00fcr eine [&hellip;]<\/p>\n","protected":false},"author":2,"featured_media":0,"parent":0,"menu_order":0,"comment_status":"closed","ping_status":"closed","template":"","meta":[],"yoast_head":"<!-- This site is optimized with the Yoast SEO plugin v14.0.2 - https:\/\/yoast.com\/wordpress\/plugins\/seo\/ -->\n<title>\u00dcber uns -<\/title>\n<meta name=\"robots\" content=\"index, follow\" \/>\n<meta name=\"googlebot\" content=\"index, follow, max-snippet:-1, max-image-preview:large, max-video-preview:-1\" \/>\n<meta name=\"bingbot\" content=\"index, follow, max-snippet:-1, max-image-preview:large, max-video-preview:-1\" \/>\n<link rel=\"canonical\" href=\"https:\/\/test.fr-entscheid.de\/index.php\/ueber-mich\/\" \/>\n<meta property=\"og:locale\" content=\"de_DE\" \/>\n<meta property=\"og:type\" content=\"article\" \/>\n<meta property=\"og:title\" content=\"\u00dcber uns -\" \/>\n<meta property=\"og:description\" content=\"Wir sind ein Freiburger B\u00fcndnis mit immer breiter werdender Basis und verfolgen das Ziel, mit einen B\u00fcrgerentscheid einen entscheidenden Beitrag f\u00fcr die lokale Verkehrswende zu leisten. Uns verbindet der Wunsch nach einer gerechteren, nachhaltigeren, sichereren und lebenswerteren Stadt. Das wollen wir durch eine St\u00e4rkung des Fu\u00df- und Radverkehrs erreichen. Inspiriert von zahlreichen Initiativen f\u00fcr eine [&hellip;]\" \/>\n<meta property=\"og:url\" content=\"https:\/\/test.fr-entscheid.de\/index.php\/ueber-mich\/\" \/>\n<meta property=\"article:modified_time\" content=\"2019-10-27T23:15:27+00:00\" \/>\n<meta property=\"og:image\" content=\"https:\/\/test.fr-entscheid.de\/wp-content\/uploads\/2019\/10\/vcd-300x200.jpg\" \/>\n<meta name=\"twitter:card\" content=\"summary_large_image\" \/>\n<script type=\"application\/ld+json\" class=\"yoast-schema-graph\">{\"@context\":\"https:\/\/schema.org\",\"@graph\":[{\"@type\":\"WebSite\",\"@id\":\"https:\/\/test.fr-entscheid.de\/#website\",\"url\":\"https:\/\/test.fr-entscheid.de\/\",\"name\":\"\",\"description\":\"\",\"potentialAction\":[{\"@type\":\"SearchAction\",\"target\":\"https:\/\/test.fr-entscheid.de\/?s={search_term_string}\",\"query-input\":\"required name=search_term_string\"}],\"inLanguage\":\"de\"},{\"@type\":\"ImageObject\",\"@id\":\"https:\/\/test.fr-entscheid.de\/index.php\/ueber-mich\/#primaryimage\",\"inLanguage\":\"de\",\"url\":\"https:\/\/test.fr-entscheid.de\/wp-content\/uploads\/2019\/10\/vcd.jpg\",\"width\":368,\"height\":245},{\"@type\":\"WebPage\",\"@id\":\"https:\/\/test.fr-entscheid.de\/index.php\/ueber-mich\/#webpage\",\"url\":\"https:\/\/test.fr-entscheid.de\/index.php\/ueber-mich\/\",\"name\":\"\\u00dcber uns -\",\"isPartOf\":{\"@id\":\"https:\/\/test.fr-entscheid.de\/#website\"},\"primaryImageOfPage\":{\"@id\":\"https:\/\/test.fr-entscheid.de\/index.php\/ueber-mich\/#primaryimage\"},\"datePublished\":\"2019-09-26T21:07:53+00:00\",\"dateModified\":\"2019-10-27T23:15:27+00:00\",\"inLanguage\":\"de\",\"potentialAction\":[{\"@type\":\"ReadAction\",\"target\":[\"https:\/\/test.fr-entscheid.de\/index.php\/ueber-mich\/\"]}]}]}<\/script>\n<!-- \/ Yoast SEO plugin. -->","_links":{"self":[{"href":"https:\/\/test.fr-entscheid.de\/index.php\/wp-json\/wp\/v2\/pages\/14"}],"collection":[{"href":"https:\/\/test.fr-entscheid.de\/index.php\/wp-json\/wp\/v2\/pages"}],"about":[{"href":"https:\/\/test.fr-entscheid.de\/index.php\/wp-json\/wp\/v2\/types\/page"}],"author":[{"embeddable":true,"href":"https:\/\/test.fr-entscheid.de\/index.php\/wp-json\/wp\/v2\/users\/2"}],"replies":[{"embeddable":true,"href":"https:\/\/test.fr-entscheid.de\/index.php\/wp-json\/wp\/v2\/comments?post=14"}],"version-history":[{"count":14,"href":"https:\/\/test.fr-entscheid.de\/index.php\/wp-json\/wp\/v2\/pages\/14\/revisions"}],"predecessor-version":[{"id":343,"href":"https:\/\/test.fr-entscheid.de\/index.php\/wp-json\/wp\/v2\/pages\/14\/revisions\/343"}],"wp:attachment":[{"href":"https:\/\/test.fr-entscheid.de\/index.php\/wp-json\/wp\/v2\/media?parent=14"}],"curies":[{"name":"wp","href":"https:\/\/api.w.org\/{rel}","templated":true}]}}